 + (-294)/(-2). Suppose -w - o = -6*w. Calculate the remainder when w is divided by 8.
5
Suppose -11*d + 2*d + 972 = 0. Calculate the remainder when d is divided by 22.
20
Let n = -32 - -35. Suppose n*h - 12*h = -171. What is the remainder when h is divided by 5?
4
Suppose 7*r - 190 = 20. Suppose 0 = 28*b - r*b + 52. What is the remainder when b is divided by ((-14)/(-8) + 0)*4?
5
Suppose -4*n + 8*n - 224 = 0. Calculate the remainder when n is divided by 12.
8
Let k be (34*5/10)/1. Suppose -45 = -2*i + k. Calculate the remainder when 92 is divided by i.
30
Suppose 0 = -2*i + 6*i + l - 100, i - l = 20. Let s = 932 - 922. Calculate the remainder when i is divided by s.
4
Let z(m) = -1 + 10 - m + 6. Calculate the remainder when z(0) is divided by 9.
6
Let g = 167 - 157. What is the remainder when g is divided by 3?
1
Let i(f) = 3*f + 41. Let g(w) = 2*w**2 - 2*w - 1. Let j be g(-1). Suppose -2*p = -j - 7. What is the remainder when i(-11) is divided by p?
3
Suppose -p + 5*l = -50 - 121, 0 = 3*l - 12. What is the remainder when p is divided by 2?
1
Suppose -2*t + g + 25 = 9, 26 = t - 5*g. Let i = t - 3. Suppose 5*j - i*j = 18. Calculate the remainder when 14 is divided by j.
5
Suppose -3*p - u = -9 - 13, -p - 5*u = -12. Let x(q) = q**3 - 9*q**2 + 9*q + 6. Let w be x(p). Let f = -16 - w. What is the remainder when 24 is divided by f?
11
What is the remainder when (-680)/(-20) + 1*3 is divided by 24?
13
Let j(o) = 11*o + 19. What is the remainder when 384 is divided by j(1)?
24
Calculate the remainder when 38 is divided by (11/((-66)/36))/(16/(-40)).
8
Let x(d) = -d - 5. Let o be x(-5). Suppose o = j + t + 3, -3*j = -4*t - 0 - 12. Suppose q = -j*q + 6. What is the remainder when 9 is divided by q?
3
Let v(b) = -21*b + 13. Let k(j) = -11*j + 7. Let a(x) = 5*k(x) - 3*v(x). Let m be a(-4). Let f = 81 + m. Calculate the remainder when f is divided by 16.
13
Suppose 0 = 2*i + 20 - 122. What is the remainder when i is divided by 26?
25
Let h = 2162 - 1944. What is the remainder when h is divided by 69?
11
Let j = 210 - 206. What is the remainder when 7 is divided by j?
3
Suppose -r = j, j + 24 = 5*r - 2*j. What is the remainder when 33 is divided by ((-2)/r)/((-4)/60)?
3
Suppose -1368 = -19*j - 361. What is the remainder when 100 is divided by j?
47
Suppose -2*v = 6*x - 5*x - 41, 3*x - 18 = -v. Calculate the remainder when 57 is divided by v.
15
Suppose 10*a - 498 = 4*a. Calculate the remainder when a is divided by 44.
39
Suppose 11*x + 12*x - 992 = 7*x. Suppose -11 = -t + 2. What is the remainder when x is divided by t?
10
Let w(q) = 3*q**3 - 16*q**2 + q - 16. Let f(t) = 2*t**3 - 8*t**2 - 8. Let n(p) = 5*f(p) - 3*w(p). What is the remainder when n(-6) is divided by 25?
23
Let o(l) = -13*l - 4. Let s = -330 - -352. Calculate the remainder when o(-7) is divided by s.
21
Suppose 9*y - 4*y = -60. Let z = y + 9. Calculate the remainder when 14 + 3/((-9)/z) is divided by 8.
7
Let m = 4 - 2. Suppose -5*x = -m*h + 53, -2*h + 2*x + 73 = x. Suppose 20 = 3*t - t. Calculate the remainder when h is divided by t.
9
Let b(u) = 24*u**2 - 21*u + 36. What is the remainder when b(2) is divided by 27?
9
Let c(w) = w**2 - 5*w + 4. Let z be c(1). Suppose -134 + 31 = -4*r - 5*n, -5*r - 3*n + 119 = z. What is the remainder when r is divided by 15?
7
Let j = 129 + -112. What is the remainder when 4000/24 + (-2)/3 is divided by j?
13
Let x = -20 - -139. Calculate the remainder when x is divided by 11.
9
Suppose 3*t = 142 - 121. Calculate the remainder when 312 is divided by t.
4
Let m(t) = 41*t - 320. Let j = -2 + 4. Calculate the remainder when (13 + 2)/(j - 1) is divided by m(8).
7
Let n(x) = 6*x**2 + 9*x - 9. Calculate the remainder when n(2) is divided by 7.
5
Suppose -5*k + 20 = 0, 2*h - 5 = -5*k + 27. Calculate the remainder when 191 is divided by h.
5
Suppose 4*t - b - 11 = 0, 3 = 3*t - 3*b - 3. Suppose -u + 3*u = -30. Let s = u - -20. Calculate the remainder when s is divided by t.
2
Let d(n) = 7*n - 177. What is the remainder when 117 is divided by d(31)?
37
Let s(m) = -43*m - 174. What is the remainder when 202 is divided by s(-5)?
38
Let k = 4 - -2. Suppose -3*w + 0*w = -k. Suppose w*o + 22 = 3*o. Calculate the remainder when 64 is divided by o.
20
Let d = -23 + 26. Let o = 17 + 16. Let j = o - 23. Calculate the remainder when j is divided by d.
1
Suppose 5*a + 106 = 1. Suppose -64*i + 35*i - 87 = 0. Let d = i - a. Calculate the remainder when d is divided by 10.
8
Let a = 23 + 0. Suppose -3*w = -2*w - a. Let q(c) = -91*c**3 - c**2 + c + 1. Calculate the remainder when q(-1) is divided by w.
21
What is the remainder when 101/(3 + ((-6)/(-4) - 4)) is divided by 15?
7
What is the remainder when (201 - -3)/((-3)/(-2)) is divided by 56?
24
What is the remainder when 68 is divided by (-20)/(-18)*33 - (-10)/(-15)?
32
Let u(s) = s - 2. Let c = 9 - 13. Let w = c - -12. Calculate the remainder when 23 is divided by u(w).
5
Let q = -61 + 66. Suppose -2 - 13 = -q*n. What is the remainder when 4 is divided by n?
1
Suppose -4*p + 9*k = -305, 7*k = 2*p + 2*k - 151. Calculate the remainder when 409 is divided by p.
77
Let z = -12 - -18. Let l(n) = n**3 - 6*n**2 + 5*n - 9. Let w = -155 + 236. Calculate the remainder when w is divided by l(z).
18
Suppose 5*w = 11 + 29. What is the remainder when 47 is divided by 8 - (-4)/8*w?
11
Let t be 43*(-1)/(4/(-4)). Let u = t - 27. What is the remainder when 63 is divided by u?
15
Let t = 41 + -35. Suppose -5*x + 22 = -4*p, t*x - 15 = 3*x + 3*p. Calculate the remainder when 5 is divided by x.
1
Suppose -31*j + 21*j + 310 = 0. Suppose h - 119 = -j. What is the remainder when h is divided by 18?
16
Suppose 5*s - 64 - 11 = 0. Let i(j) = 53*j - 11. What is the remainder when i(1) is divided by s?
12
Suppose 0 = 566*r - 576*r + 1080. What is the remainder when r is divided by 28?
24
Let x = 59 + -39. Calculate the remainder when 59 is divided by (9 + -1)*35/x + -2.
11
Let l = -628 - -449. Let q = -148 + 44. Let m = q - l. What is the remainder when m is divided by 26?
23
Let v(n) = 2*n**2 + 3*n - 8. Let f be (-1)/2*-12 + -2. Suppose k - 2*k - f = 0. Calculate the remainder when v(k) is divided by 5.
2
Suppose 3*s - 2*o + 3*o - 51 = 0, 5*s - 5*o = 65. Let z = -2 + s. What is the remainder when 25 is divided by z?
11
Let p = -169 - -377. What is the remainder when p is divided by 30?
28
Let a(o) = -o**2 - 2*o + 69. What is the remainder when a(7) is divided by 4?
2
Suppose -5*i - 24 = -9*i. What is the remainder when (i/4 + 0)/(33/2596) is divided by 41?
36
Let r(f) = -2*f**3 + 8*f**2 + 2. Let h be r(4). Suppose 22 = 2*a + 4*w, -2*a = h*a + 5*w - 56. Calculate the remainder when 225 is divided by a.
16
Let r = 544 - 526. Calculate the remainder when r is divided by 11.
7
Let m(y) be the third derivative of y**4/24 - y**3/3 - 4*y**2. Let x = 112 - 57. What is the remainder when x is divided by m(16)?
13
Let g = 0 + -4. Calculate the remainder when (2/g)/((-2)/264) is divided by 190/1235 - (-219)/13.
15
Let k(c) = -8*c + 12. What is the remainder when 177 is divided by k(-3)?
33
Suppose 6*g - 2*g - 3*a = 17, -4*g = a - 5. Suppose y + 3*y + 5*t - 61 = 0, -y + 12 = -g*t. Calculate the remainder when 25 is divided by y.
11
Let p be 4/(-3)*(-15)/10. Let r(i) = 0 - 1 - p - i - 3*i. What is the remainder when r(-5) is divided by 7?
3
Suppose 0 = -3*h + 3*p + 51, 4*h - 5*p + 44 = 112. What is the remainder when 80 is divided by h?
12
Let x(r) = r**3 - 10*r**2 + 21*r + 27. Calculate the remainder when 66 is divided by x(7).
12
Suppose -2 - 13 = -5*n. Suppose -n*l - l + 208 = 0. What is the remainder when l is divided by 14?
10
Suppose 4*m + 2*p = 80, 5*p - 56 = m - 3*m. Calculate the remainder when 47 is divided by m.
11
Let a(c) = 19*c - 80. Let x = -110 + 168. Let h = x - 14. What is the remainder when h is divided by a(5)?
14
Let s = 1716 + -1326. Calculate the remainder when s is divided by 49.
47
Let o = 16 - 22. Let p = -8 - o. Calculate the remainder when 2*10 - (-6 - p) is divided by 13.
11
Let a(p) = -2*p**3 - 2*p**2 + p + 185. Calculate the remainder when a(0) is divided by 17.
15
Suppose 2*r = -2, u = -5*r + 91 + 58. Let k = 123 + -120. Suppose -15 = k*o, o + 156 = 5*b - u. What is the remainder when b is divided by 16?
13
What is the remainder whe